*u**3 + k*u**4 - 1/20*u**5 + 6*u**2 + 0*u + 0. Give s(-3).
-7
Suppose 0 = -7*n - 66 - 165. Let u be (-55)/n*3*-1. Let f(x) be the second derivative of -x**3/2 + 3*x**2 + 14*x + 5. Calculate f(u).
21
Let d(j) = -j**3 - j**2 + 8*j + 6. Let x be ((-400)/(-4))/(-4)*9/(-15). Suppose x = -3*q - 2*q. Let n be d(q). Let m(a) = -a - 5. What is m(n)?
-5
Let u(h) = -h**3 - 18*h**2 + 117*h + 39. Let s be u(-23). Let l(i) = i**3 + 6*i**2 - 11*i - 9. Determine l(s).
19
Let r = -68 + 48. Let l be r/(-30) - 20/(-6). Let d(y) = y**2 - 8*y + 10. Let k(x) = 3*x**2 - 23*x + 28. Let i(h) = 11*d(h) - 4*k(h). Calculate i(l).
-2
Let o(i) = 189475 - 94703 - 94713 + i**2 + 17*i. Give o(-11).
-7
Let a(l) = -l**2 + 5*l - 2. Suppose 2*n - 50 = 24. Let q = -35 + n. Let p be 3/(-10)*q - (-108)/30. What is a(p)?
4
Let o(m) = m**2 + 4*m + 7. Suppose -631 = 7*j - 568. Let d be 1 + 42/j + (-3)/9. Give o(d).
7
Suppose 23*r - 13 = 24*r + 5*y, 5*r - y + 39 = 0. Let u(j) = -j**3 - 8*j**2 + j + 3. Calculate u(r).
-5
Suppose -2*o = 3*k, 0 = 4*k - k - o - 9. Let z(g) = 3*g + g + 131 - 130 + k*g. Give z(-1).
-5
Let j be (-5)/20 - ((-39)/12 - 1). Suppose 2*t - j*r + 28 = -10, -3*t - 53 = -5*r. Let o = t - -16. Let x(k) = k**3 - 4*k**2 - 4*k + 2. Calculate x(o).
7
Let g = 39 - 35. Suppose 3*b + g = 10. Let d(l) = 4*l - 10*l - b*l. Determine d(-1).
8
Let h(x) = 5*x**2 - 330*x + 639. Let w be h(64). Let i(n) = -6*n**3 + n**2 - 27*n - 27. Give i(w).
7
Let p(a) be the first derivative of -a**3/3 - 12*a**2 - 147*a - 1805. Calculate p(-11).
-4
Suppose b + b + 30 = 4*r, 5*r - 45 = b. Let w(i) = 5*i + 2*i - r*i + 2*i - 14. Give w(-10).
-4
Let z(u) = -4*u + 3. Let j(o) = 1. Let r(y) = 6*j(y) + z(y). Let w(i) = 4*i - 11. Let k(h) = 4*r(h) + 3*w(h). What is k(7)?
-25
Suppose -2*z = -3*h + 127 - 167, 0 = -2*h + 3*z - 35. Let a(q) = -14*q + 36. Let b(o) = -5*o + 12. Let t(w) = -6*a(w) + 17*b(w). Calculate t(h).
-2
Let p(m) = m**2 + 3*m - 3. Suppose 0 = 2*l + 3*c - 33, -2*l - 8*c = -3*c - 47. Calculate p(l).
51
Let r(h) = 2*h**2 + 3*h + 2. Let x = -49 - -68. Let v = -17 + x. Suppose -v*w + 21 = -5*t, -20 = 7*t - 3*t. What is r(w)?
4
Let f(m) = m**2 + 5*m + 2. Let t be (-14)/(-4) - ((-121)/(-22) - 6). Let w be ((-8)/(-10))/(t/(-20)). Calculate f(w).
-2
Suppose 23*s - 7*s = 0. Let f(g) = -4*g - 4 + 185*g**2 - g**3 - 188*g**2 + s. Determine f(-3).
8
Let q(g) = g**2 - 7*g - 1. Suppose -c - 2*y = -8, 7*c - 6 = 6*c - y. Suppose 41*a - 36*a - 3*o = 29, 3*a = c*o + 13. Determine q(a).
-1
Let x(a) be the second derivative of a**5/20 - 4*a**3/3 + 2*a - 6. Let r(y) = y**3 - 7*y. Let f(d) = -6*r(d) + 5*x(d). Calculate f(-3).
21
Suppose 0 = 2*b + 2*w, 5*b - 29 - 3 = 3*w. Suppose 0*h + 37 = -5*h + 4*d, b*d = -2*h + 2. Let n(q) = -q**2 - 4*q - 1. What is n(h)?
-6
Let i(z) = -5*z**2 - z - 2. Let j = 155 + -155. Suppose j = -m - 19 + 21. Give i(m).
-24
Suppose 22 = 146*z - 124*z. Let f(m) = -13*m**3 + 2*m**2 - 2*m + 2. Calculate f(z).
-11
Let i(b) = -329*b**2 + 13*b + 32. Let l(j) = 274*j**2 - 11*j - 30. Let u(n) = 5*i(n) + 6*l(n). Let t(g) = -g**3 - g**2. Let k be t(-1). Give u(k).
-20
Let g(z) = -2*z**2 + 3*z - 8. Suppose 5*y = -5*v - 50, 0 = -v + 489*y - 494*y - 34. Determine g(v).
-52
Suppose -2*b + 14 = -r, 4*r + 14 = 2*b + r. Let k(g) = 0*g**2 + 5*g - 6*g**2 + 2*g + b*g**2. Give k(-8).
8
Let z(f) = -2*f - 3. Let a = -30 + 54. Suppose -4*o - a = -0. Let l be o/12*(2 - -8). Calculate z(l).
7
Suppose -61 = 25*c + 89. Let m(z) = -4*z + 3. Let j be m(2). Let f(b) = 4*b + 6. Let n(t) = -3*t - 5. Let w(y) = c*n(y) + j*f(y). Determine w(-6).
12
Suppose -4*o + 1 + 3 = 0. Let q(l) = -27*l**2 + 4299966*l + 1 - 4299966*l. What is q(o)?
-26
Let w(t) = -12*t**2 + 2*t + 3. Let h(i) = i**2 + 17*i + 50. Let d be h(-4). Determine w(d).
-49
Let c(v) be the third derivative of -v**6/120 + v**4/24 - v**2. Let a(s) = -12*s - 7. Let n be a(-10). Let j = -112 + n. Determine c(j).
0
Let p(m) = 0*m**2 + 19 + 2*m**2 - 3*m**2 + 7 - 20 - 5*m. Calculate p(-5).
6
Let s(i) = 3*i**2 - 25*i - 23. Let j be s(11). Let c = -65 + j. Suppose 3*b - 19 = 5*r + 3, c = 3*b + 4*r + 23. Let p(y) = 5*y**2 - y. Calculate p(b).
6
Let m(l) = l**3 - 13*l**2 - 21*l - 6. Let g(t) = t**3 - 14*t**2 - 24*t - 5. Let u(h) = -4*g(h) + 5*m(h). Determine u(10).
0
Let b(n) = -5*n**2 + 5*n - 2. Let m(s) = 5*s**2 + 23*s + 113. Let v(k) = -4*k**2 - 23*k - 112. Let q(r) = 3*m(r) + 4*v(r). Let i be q(-16). Give b(i).
-32
Let d(p) = 11*p**2 + 9*p + 45. Let g(v) = -8*v**2 - 6*v - 46. Let r(q) = -3*d(q) - 4*g(q). What is r(-7)?
21
Let i(a) = a**2 + 8*a + 7. Suppose 4*g + 0*d - 5*d = -25, 16*g + 5*d + 175 = 0. Determine i(g).
27
Let o be -4 + 19 + (9/3)/1. Let d be (-432)/o*(1/(-3) - 0). Suppose d = 2*n - 0*n. Let h(m) = -2*m**2 + 4*m - 1. Determine h(n).
-17
Let y(t) be the third derivative of -1/24*t**4 + 0*t - 4/3*t**3 + 192*t**2 + 0. What is y(7)?
-15
Let z = 281 - 59. Suppose -z*b = -225*b - 54. Let t(c) = -c - 16. Calculate t(b).
2
Let i(u) = -10 - 1 + 18 - 16 - 15*u. Give i(-3).
36
Let v(m) be the third derivative of -m**6/120 + m**5/12 - m**4/3 + m**3/3 + 94*m**2. What is v(2)?
-2
Suppose 1849 = -4*v - 2095. Let n be -4*(v/40 + 8/20). Suppose -4*l - 49 + n = 0. Let z(j) = j**2 - 12*j + 7. What is z(l)?
7
Let p(c) = -4*c + 0*c - 2 + 4. Suppose 545 = -1099*o + 1208*o. Give p(o).
-18
Let o(z) = -5*z**2 + 26*z - 1. Let t be (-5)/(-2 + 13 - 12). Determine o(t).
4
Let s(g) = -g**3 - 6*g**2 + 16*g - 2. Suppose -3*u - 3*l - 42 = 0, -3*u + 43*l - 51*l = 72. What is s(u)?
-2
Let b(w) = 6*w - 105. Let y = -15828 - -15845. Determine b(y).
-3
Let s(a) = 19*a - 13. Let v(j) = 68 + 63 - 7*j + 65 - 192. Let p(k) = -3*s(k) - 8*v(k). Suppose 7*w - 3*l - 17 = 3*w, -3*w + 14 = -l. Calculate p(w).
2
Let f(o) = -17 + 7*o**2 + o + 12 + o**3 + 15. Let i be f(-7). Let p(n) = -4*n + n**3 - 3 - 2*n**2 - 4*n**3 + 4*n**i - n**2. What is p(4)?
-3
Let w(k) = 294*k + 2*k**2 - 2 - 1 + 6*k**3 - 130*k - 162*k. What is w(1)?
7
Let m(l) = l**3 + 123*l**2 + 373*l - 11. Let n be m(-3). Let b(h) = -2*h**2 - 104*h - 204. Calculate b(n).
-4
Let m(w) = -12*w - 20*w + 50*w - 15*w - 64 + w**2. Give m(-9).
-10
Let h be -1 + 3/6*4. Let q(z) = z + 1. Let y(a) = 8*a + 3. Suppose -2*d = -4*u + 12, 4*u + 0*u + 8 = -3*d. Let t(v) = u*y(v) - 2*q(v). What is t(h)?
7
Let p(k) = 3*k**3 - 6*k**2 - 19*k + 29. Let i(j) = 2*j**3 - 4*j**2 - 13*j + 18. Let b(x) = 8*x + 32. Let w be b(-5). Let z(o) = w*i(o) + 5*p(o). What is z(4)?
5
Let j(v) = -v + 4. Let a(z) = -32*z + 386. Let k be a(12). Let y be (0/6)/(k - -1). Calculate j(y).
4
Let u(q) = 4*q**2 - 358*q - 185. Let w be u(90). Let p(j) = 17*j + 64. Give p(w).
-21
Suppose n + 3*p + 8 = -0*p, -3*p - 16 = -n. Suppose m = -m + n*k + 2, 0 = m - 3*k. Suppose 0 = -m*j - 32 + 8. Let g(x) = -x**2 - 8*x + 7. Give g(j).
7
Suppose 3*r = -m + 5, -6 = -3*r - 4*m - 4. Let y(f) = 6*f - 1. Let w(l) = -5*l. Let q(b) = 3*w(b) + 2*y(b). Give q(r).
-8
Let w = 58 - 57. Suppose -w = -p + 1. Let u(t) = p*t - 1 - 8*t**3 - 2*t**2 + 9*t**3 + 8 - 8. Determine u(1).
0
Let n(g) = -6*g + 14. Let d = 22610 + -22604. Calculate n(d).
-22
Let q(p) = 2 - 475*p + 191*p + 273*p. Give q(-2).
24
Suppose -3*t = -k + 2, 5*k + t + 2 = -4. Let g(d) = 5*d. Let a be g(k). Let r(h) = -43*h - 9. Let q(l) = 36*l + 8. Let v(n) = 6*q(n) + 5*r(n). Determine v(a).
-2
Let a(g) = g**3 - 58*g**2 + 46*g - 251. Let k be a(57). Let d = k - -870. Let q(w) be the third derivative of w**5/60 + 3*w**4/8 + 11*w**3/6 + w**2. Give q(d).
3
Let i be ((-10)/3)/(60/(-90)*(2 - 1)). Let t(k) = -k**3 + 7*k**2 - k - 13. Determine t(i).
32
Let n(x) = -x - 9. Let b(p) be the first derivative of -p**4/4 - 8*p**3/3 + 19*p**2/2 - 22*p - 51. Let i be b(-10). Calculate n(i).
3
Let l = -70 + 119. Suppose 257*g = 272*g - 285. Suppose l = 12*i - g*i. Let j(x) = x**2 + 6*x - 9. Calculate j(i).
-2
Let f(r) be the second derivative of -59*r - 5/12*r**4 + 1/20*r**5 + 1/2*r**3 + 3/2*r**2 + 0. What is f(4)?
-1
Let v = 7 + -10. Let s(w) = 0*w**2 - 2*w**3 + 191263 - 5*w**2 + 4*w + 2*w**2 - 191259. Give s(v).
19
Let b(g) = -9*g - 1. Let y(u) = -u + 21. Let s = 62 - 49. Let m be y(s). Let j(x) = -x**2 + 12*x - 33. Let p be j(m). Give b(p).
8
Let t(h) = -4*h + 30*h**2 - 61*h**2 + 29*h**2 + 16 - 2*h - 4. Calculate t(-9).
-96
Suppose -3*x - 41 - 34 = 0. Let t be 14/(-63)